(-3). Suppose -3*c - 25 = -t*c. Let k(f) = f. Determine k(c).
5
Let w = 4 + 1. Let t(i) = 0*i + 6*i - w - 5*i. Determine t(-4).
-9
Let k(t) = 3*t**2 + 26*t - 8. Let a be k(-9). Let w(j) be the first derivative of 1/2*j**2 - j + a + 2/3*j**3. Determine w(2).
9
Let n(w) = 4 + 1 + 0 - 2*w. Give n(5).
-5
Let g = -4 - -4. Let r(a) = a**2 + a - 16. What is r(g)?
-16
Let r(p) = -p - 4. Let m be 8/6 - 7/21. Let v be 8/m*-1 + 3. Determine r(v).
1
Let g(s) = -5*s + 4*s**2 + 1 + 6*s**2 + 4*s - 5*s**2. Suppose -a + 5*k + 21 - 5 = 0, 3*k = -3*a - 6. What is g(a)?
5
Suppose -y - 15 = -18. Let z(w) = -w**2 + 2*w + 2. Calculate z(y).
-1
Let s(g) = g - 11. Let y be (0 - 0)/((-27)/9). What is s(y)?
-11
Let r(b) = -2*b**3 + 8 - 4*b**2 + 3*b**3 + 9*b**2 - 5*b. Let u(p) = -p**3 + p. Let c be u(2). What is r(c)?
2
Let w(l) = -l**3 - 3*l**2 - 2*l - 1. Let t be (4 - 1)*(-3 + 0). Let p = t + 7. Determine w(p).
-1
Let j = -10 + 4. Let g be j/(-4) - (-7)/2. Let a(z) = z**2 - 4*z + 7. Determine a(g).
12
Let q(d) = -d**3 + 3*d**2 - 2*d + 3. Suppose -4*m + 5 + 0 = 3*i, 5*m + 3*i = 7. What is q(m)?
3
Let a(j) = j + 8. Let l be 36/(-8)*(-2)/(-3) + 10. Determine a(l).
15
Let w(f) be the third derivative of -f**2 + 0*f**3 - 1/60*f**5 + 1/24*f**4 + 0*f + 1/24*f**6 + 0. Let x be (-7)/(-5) - (-4)/(-10). What is w(x)?
5
Let k(o) = 2*o + 2. Let q(x) = 7*x - 8. Let g(a) = 6*a - 7. Let m(w) = 6*g(w) - 5*q(w). Let b be m(-1). Give k(b).
-4
Let c(a) = -a**2 - 5*a + 3. Let b be (-3)/2*-2 + -9. Give c(b).
-3
Let z(p) = 7*p**2 - 10*p**2 + 3 - 5*p + 3*p - p**3. What is z(-3)?
9
Let t = 4 + 0. Let g(q) = -2*q + 4. Determine g(t).
-4
Let a(y) = 3*y - 3*y**2 + 2*y**3 - 4*y**3 - 4 + y**3 + 0*y**2. Let l be a(-4). Let w(o) = -o**2 - o - 10. Determine w(l).
-10
Let a(h) = 3 - 3 + 5*h - h**2 - 1 - 3. Let r be a(5). Let u(i) = -i**2 - 5*i - 1. Give u(r).
3
Let c(m) = m**2 + 2*m - 5. Suppose a - 1 = 2. Suppose 3*q + 27 = 3*k - 0*q, -2*k + a*q = -22. Suppose 5*h - 2*z - 3*z - 5 = 0, -k*z = -4*h + 9. Determine c(h).
3
Let m(c) = -c**2 - 4*c**3 - 3*c + 14*c**3 + 4 - 9*c**3. What is m(3)?
13
Let b(g) = -42*g - 7 + 21*g + 22*g. Give b(8).
1
Let v(j) be the first derivative of j**3 + j**2/2 - 2*j + 10. What is v(-2)?
8
Let p(u) = -u - 3. Suppose 5*n + 5 = -20. Let c be p(n). Suppose -2*d - d + 3*f = 3, 5*d - 4*f = -c. Let k(h) = -h**2 + h + 1. Give k(d).
-1
Suppose -5*c + 0*k + 15 = -3*k, -k = 0. Let p(i) = i**3 - 2*i**2 - 5*i - 3*i + 3*i + 2. Calculate p(c).
-4
Let a(x) = x + 1. Let f(u) = u**2 - u - 10. Suppose 5*d - 7 = 2*v, 0*v + 4*v + 3*d + 1 = 0. Let k(i) = v*f(i) - 2*a(i). Calculate k(0).
8
Let p(x) be the second derivative of -x**4/12 - x**3 + x**2 + 2*x. Determine p(-5).
7
Let y(v) = v**3 + v**2 - v. Let j(r) = r**2. Suppose 0 = 5*c - 15. Let l(z) = c*j(z) - y(z). Determine l(3).
-6
Let v(u) = -2*u**3 - 3*u**2 - u - 2. Let f = -24 - -22. Calculate v(f).
4
Let k(p) be the first derivative of -p**3/3 - 3*p**2/2 + 4*p + 1. Let w(i) = -i**2 - 6*i + 2. Let u be w(-7). Give k(u).
-6
Let r(s) = 3*s**2 + 1 - 2*s**2 - 4*s + 4*s. Let p(g) = 6*g**2 - 5*g + 7. Let l(d) = p(d) - 5*r(d). Determine l(5).
2
Let c(r) be the first derivative of -r**4 + 2*r**3 - 7*r**2/2 + 6*r + 2. Let l(v) = -v**3 + v**2 - v + 1. Let a(s) = c(s) - 5*l(s). Determine a(2).
9
Let h(d) be the third derivative of 1/6*d**3 + 0*d + 0 + 1/24*d**4 + 7*d**2. Calculate h(-6).
-5
Let v(b) = b + 4. Let y(p) = -p**3 + 10*p**2 - 2*p + 14. Let i be y(10). What is v(i)?
-2
Let f(g) = 7*g**2 - g - 1. Suppose -2 = -o - 3. Calculate f(o).
7
Let i = 81 + -86. Let o(f) = -f**2 - f + 4. What is o(i)?
-16
Let t be (-6)/(-54) + 105/27. Let o(k) = -k**3 + 4*k**2 + k + 5. Calculate o(t).
9
Let v be 4/(-2) + -3 + 1. Let c be (4 - 2)*2/v. Let w(f) = -2*f - 1. Give w(c).
1
Let a(b) = -b**3 + 3*b**2 - 2*b + 2. Let k be a(2). Let v(y) = 2*y + 19 - 7 - 7 - 4. Give v(k).
5
Let b be 7*(-4 + 60/14). Let k(u) be the third derivative of -2*u**b + 0*u - 1/24*u**4 + 1/3*u**3 + 0. Calculate k(1).
1
Let s(i) = i**3 - 6*i**2 + 5*i + 6. Let k(o) be the first derivative of o**3/3 - 4*o**2 - 4*o - 7. Let l be k(9). Give s(l).
6
Let t(j) be the third derivative of j**6/120 - j**5/30 + j**4/24 - j**3/6 + j**2. Let o = 33 + -31. Give t(o).
1
Let d(x) = -x**2 - x**3 - x**3 + 4*x**2 + 3*x**3. Give d(-3).
0
Let v(p) be the third derivative of -p**6/120 - 7*p**5/60 - 7*p**4/24 - p**2. Give v(-6).
6
Let d be 16/12 + 2/(-6). Let u(p) be the first derivative of 1/2*p**2 + 5*p + 1/4*p**4 + d - 1/3*p**3. Give u(0).
5
Let l(m) = -m - 9. Let d be l(-11). Suppose 3*s + d = s. Let f be (2 + s)*(-3 + -1). Let a(t) = -t**3 - 4*t**2 - 2*t - 2. Calculate a(f).
6
Let v(q) be the third derivative of q**6/120 + q**5/15 - 7*q**4/24 - 7*q**3/6 - 3*q**2. Let p be v(-5). Suppose p*y = -y - 12. Let d(b) = -b - 5. What is d(y)?
-2
Let d be (-8)/36 - 2/(-9). Let i(v) = -v**3 + v**2 + v + 4. Determine i(d).
4
Let d(b) = -b**3 + 4*b**2 + 2*b + 6. Let q be 5 - (5 - (9 - 4)). Determine d(q).
-9
Let k(p) = p**3 + 18*p**2 - 6*p**2 + p**3 - 15*p**2. Let x(g) = g - 1. Let b be x(3). Calculate k(b).
4
Let n(y) = y**3 + 5*y**2 + y + 4. Let z be n(-5). Let t(i) = -3*i**2 - 69*i - 11*i**2 + 70*i. Determine t(z).
-15
Let i(y) be the second derivative of 8*y + 1/20*y**5 - 1/6*y**3 - 5/12*y**4 - y**2 + 0. Give i(5).
-7
Suppose 0 = 4*d - 7 - 1. Let s(h) be the first derivative of -h**2/2 + 75. Give s(d).
-2
Let f(y) be the third derivative of 1/8*y**4 - 1/20*y**5 + 1/60*y**6 + 0*y - 1/2*y**3 - 5*y**2 + 0. What is f(2)?
7
Let l(o) = 3*o + 3. Suppose 5*y + 3*c - 6 = -29, 0 = 4*y + 4*c + 12. What is l(y)?
-18
Suppose 2*w = 2*b - 8, 4*w + 15 = 3*b + 1. Let f(m) = m**2 - 2 + 2*m + b*m - 2*m. Let a be 6/(-21) - (-16)/7. Calculate f(a).
6
Suppose 6 = 2*c, -3*p + 5*p - 3*c + 9 = 0. Let h(d) be the first derivative of -d**2/2 + 2*d + 4. Calculate h(p).
2
Let r(d) be the second derivative of -d**4/12 + d**3/6 + d**2 + 7*d. What is r(2)?
0
Suppose -6*m + m + 45 = 0. Let p be -2 + (84/10 - 2/5). Let s = p - m. Let h(w) = -w**2 - 5*w. Determine h(s).
6
Let q(b) = -5*b**2 + 15*b + 12. Let w(d) = -2*d**2 + 8*d + 6. Let f(j) = -3*q(j) + 7*w(j). What is f(-6)?
-24
Let n(i) = i**3 + i**2. Let k be n(-2). Let y(d) = d**2 + 3*d - 5. Calculate y(k).
-1
Let r(y) = -y**2 - 3*y - 5. Suppose -5*i + 28 = -t, i + 0*i - 11 = 2*t. Suppose 24 = -2*z - 4*a, 2*z + 0*a = -i*a - 28. Give r(z).
-9
Let y(z) = -14*z**2 - z - 10. Let t(g) = 5*g**2 + 3. Let n(i) = -11*t(i) - 4*y(i). Calculate n(-5).
12
Suppose q - 3*u - 13 = 0, q + 3*q - 5*u - 38 = 0. Let a = -5 + q. Let z(s) = 3*s - 1 - 3*s**2 + 0*s**3 - s**a + s**3. Determine z(2).
-3
Let i(d) = 10*d - 2. Let t be i(3). Suppose 0 = j + 5*k + 1, -4*j + 6*j = 5*k + t. Let g(w) = -w + w - 2*w - 1 - j*w**2. Give g(-1).
-8
Suppose 0 - 6 = -2*g. Suppose -2*s + 2*d = 3*s - 19, -s - 7 = 5*d. Suppose 4*v - 12 = -s*t, 12 = t + v + g*v. Let h(x) = x**2 - x + 1. Give h(t).
1
Let j(g) = -g**2 - 7. Let c(t) be the third derivative of -t**6/120 + t**5/10 + t**4/12 - 3*t**3/2 - t**2. Let d be c(6). Suppose d*u = u. Calculate j(u).
-7
Suppose u + 5*n = 4, 3*u + 5*n - 35 = -13. Let j = -10 + u. Let z(t) = 3*t - 4. Let d(i) = -7*i + 9. Let v(s) = 4*d(s) + 9*z(s). Give v(j).
1
Let d(y) = 2*y**2 - 3*y**2 + 2 + 1. Suppose 0 = 7*h - 2*h - 60. Suppose 4*c = -0*c + 3*s - h, 5*s - 20 = c. Give d(c).
3
Let v(g) = -8*g - 6. Let b(d) = -2*d - 5. Let o(k) = k. Let z(l) = -b(l) + 5*o(l). Suppose -3*s - 7 = -2*s. Let m(x) = s*z(x) - 6*v(x). Determine m(-5).
6
Let a(z) = -5*z**3 - 11*z**2 - 3*z - 5. Let x = 17 - 9. Let n(s) = 2*s**3 + 4*s**2 + s + 2. Let d(l) = x*n(l) + 3*a(l). Suppose 1 + 0 = f. Give d(f).
0
Let h(t) = t**3 + 10*t**2 - t - 8. Let p be h(-10). Let l(i) = 20*i + 6*i**2 - p*i - 6*i - i**3 - 4*i. What is l(7)?
7
Suppose 4*g - 29 = -1. Suppose 4*v - 3*n - 10 = 0, 2*v - 7*v + n + g = 0. Let x(f) = -2*f**2 + v + 3*f - 3*f. Calculate x(2).
-7
Suppose -q = -3*q + 6. Let a(g) = -3*g - 3. Let x(i) = -i - 1. Let m(c) = a(c) - x(c). Give m(q).
-8
Let z(h) = -h**2 + 2*h. Let s = 12 - 9. Calculate z(s).
-3
Let z(m) = 4*m + 1. Suppose h - 3 = -2. Give z(h).
5
Let j(f) be the third derivative of f**6/720 - f**4/6 + f**2. Let n(r) be the second derivative of j(r). Determine n(2).
2
Let t = -152/3 + 51. Let n(u) be the first derivativ